{"id":31,"date":"2024-01-05T15:08:00","date_gmt":"2024-01-05T15:08:00","guid":{"rendered":"https:\/\/ineas.org.br\/?page_id=31"},"modified":"2026-03-02T20:37:57","modified_gmt":"2026-03-02T20:37:57","slug":"home","status":"publish","type":"page","link":"https:\/\/ineas.org.br\/","title":{"rendered":"Home"},"content":{"rendered":"\t\t<div data-elementor-type=\"wp-page\" data-elementor-id=\"31\" class=\"elementor elementor-31\">\n\t\t\t\t\t\t<section class=\"elementor-section elementor-top-section elementor-element elementor-element-f8dde02 elementor-section-boxed elementor-section-height-default elementor-section-height-default wpr-particle-no wpr-jarallax-no wpr-parallax-no wpr-sticky-section-no\" data-id=\"f8dde02\" data-element_type=\"section\" data-e-type=\"section\">\n\t\t\t\t\t\t<div class=\"elementor-container elementor-column-gap-default\">\n\t\t\t\t\t<div class=\"elementor-column elementor-col-100 elementor-top-column elementor-element elementor-element-bd35b29\" data-id=\"bd35b29\" data-element_type=\"column\" data-e-type=\"column\">\n\t\t\t<div class=\"elementor-widget-wrap elementor-element-populated\">\n\t\t\t\t\t\t\t<\/div>\n\t\t<\/div>\n\t\t\t\t\t<\/div>\n\t\t<\/section>\n\t\t\t\t<section class=\"elementor-section elementor-top-section elementor-element elementor-element-74bd747 elementor-section-boxed elementor-section-height-default elementor-section-height-default wpr-particle-no wpr-jarallax-no wpr-parallax-no wpr-sticky-section-no\" data-id=\"74bd747\" data-element_type=\"section\" data-e-type=\"section\">\n\t\t\t\t\t\t<div class=\"elementor-container elementor-column-gap-default\">\n\t\t\t\t\t<div class=\"elementor-column elementor-col-100 elementor-top-column elementor-element elementor-element-3b4d645\" data-id=\"3b4d645\" data-element_type=\"column\" data-e-type=\"column\">\n\t\t\t<div class=\"elementor-widget-wrap elementor-element-populated\">\n\t\t\t\t\t\t<div class=\"elementor-element elementor-element-152e1b1 elementor-widget elementor-widget-heading\" data-id=\"152e1b1\" data-element_type=\"widget\" data-e-type=\"widget\" data-widget_type=\"heading.default\">\n\t\t\t\t<div class=\"elementor-widget-container\">\n\t\t\t\t\t<h4 class=\"elementor-heading-title elementor-size-default\">Confira as nossas \u00faltimas postagens<\/h4>\t\t\t\t<\/div>\n\t\t\t\t<\/div>\n\t\t\t\t<div class=\"elementor-element elementor-element-13ec232 elementor-widget elementor-widget-heading\" data-id=\"13ec232\" data-element_type=\"widget\" data-e-type=\"widget\" data-widget_type=\"heading.default\">\n\t\t\t\t<div class=\"elementor-widget-container\">\n\t\t\t\t\t<h6 class=\"elementor-heading-title elementor-size-default\">Curta direto em nosso Instagram<\/h6>\t\t\t\t<\/div>\n\t\t\t\t<\/div>\n\t\t\t\t<div class=\"elementor-element elementor-element-9442647 elementor-widget elementor-widget-stratum-instagram\" data-id=\"9442647\" data-element_type=\"widget\" data-e-type=\"widget\" data-widget_type=\"stratum-instagram.default\">\n\t\t\t\t<div class=\"elementor-widget-container\">\n\t\t\t\t\t<div class=\"stratum-instagram\">\n\t<div class=\"stratum-instagram__wrapper masonry-grid effect-1 animate_on_scroll\">\n\t\t\t\t<div class=\"stratum-instagram__item masonry-item\">\n\t\t\t\t<div class=\"stratum-instagram__media-wrapper\">\n\t\t\t\t\t<a class=\"stratum-instagram__media-link\" target=\"_blank\" href=\"https:\/\/www.instagram.com\/p\/DWoOpvOiCuz\/\">\n\t\t\t\t\t\t\t\t\t\t\t\t\t<img decoding=\"async\" class=\"stratum-instagram__media lazyload\" data-src=\"https:\/\/scontent-gru2-1.cdninstagram.com\/v\/t39.30808-6\/658961894_1037432109456485_8159471047526133785_n.jpg?stp=dst-jpg_e35_tt6&#038;_nc_cat=109&#038;ccb=7-5&#038;_nc_sid=18de74&#038;efg=eyJlZmdfdGFnIjoiRkVFRC5iZXN0X2ltYWdlX3VybGdlbi5DMyJ9&#038;_nc_ohc=W4_Hc9WwWlYQ7kNvwEfFgFA&#038;_nc_oc=AdrrEUlJefgqitdv5QnfDoFjWnu2vMcdE_QO7WlfnWkuP5LhUCzU6oSG1L8w24wdC2AW7Kbwuun58ImYWtv3HQ5X&#038;_nc_zt=23&#038;_nc_ht=scontent-gru2-1.cdninstagram.com&#038;edm=ANo9K5cEAAAA&#038;_nc_gid=sghwatbS4BpV1nQYa3wv_g&#038;_nc_tpa=Q5bMBQGflzY4A0Q2QGGtbhoN68uVRHC_xTkLr1hq0KGXUbtsBJ3F__wc4qzAUfY7b4gLX7oIUOoWcyjqqg&#038;oh=00_Af04gj2jLhqxNIlp0BIYCqkmOK3gD1RB2kG1YUUcoDp9xQ&#038;oe=69DA2440\" alt=\"\ud83d\udc99 2 de abril | Dia Mundial da Conscientiza\u00e7\u00e3o do Autismo \ud83d\udc99 Hoje \u00e9 dia de refor\u00e7ar a import\u00e2ncia do respeito, da inclus\u00e3o e da informa\u00e7\u00e3o sobre o Transtorno do Espectro Autista (TEA). Cada pessoa com autismo \u00e9 \u00fanica, com suas pr\u00f3prias formas de ver, sentir e interagir com o mundo. Promover a compreens\u00e3o \u00e9&hellip;\" src=\"data:image\/svg+xml;base64,PHN2ZyB3aWR0aD0iMSIgaGVpZ2h0PSIxIiB4bWxucz0iaHR0cDovL3d3dy53My5vcmcvMjAwMC9zdmciPjwvc3ZnPg==\" \/>\n\t\t\t\t\t\t\t\t\t\t\t<\/a>\n\t\t\t\t<\/div>\n\t\t\t<\/div>\n\t\t\t\t\t<div class=\"stratum-instagram__item masonry-item\">\n\t\t\t\t<div class=\"stratum-instagram__media-wrapper\">\n\t\t\t\t\t<a class=\"stratum-instagram__media-link\" target=\"_blank\" href=\"https:\/\/www.instagram.com\/p\/DWlp1A2DR6e\/\">\n\t\t\t\t\t\t\t\t\t\t\t\t\t<img decoding=\"async\" class=\"stratum-instagram__media lazyload\" data-src=\"https:\/\/scontent-gru2-2.cdninstagram.com\/v\/t39.30808-6\/658826196_1037455812787448_6227714411011142514_n.jpg?stp=dst-jpg_e35_tt6&#038;_nc_cat=104&#038;ccb=7-5&#038;_nc_sid=18de74&#038;efg=eyJlZmdfdGFnIjoiRkVFRC5iZXN0X2ltYWdlX3VybGdlbi5DMyJ9&#038;_nc_ohc=VpBHzFObiiQQ7kNvwFxbNoU&#038;_nc_oc=AdrT19hMIKFVkh9DJ1LyvFWAYGS0RW9RO0JRLz--ltCrZT1Km6jmsS3B3V2wd1lg92tRkaANlf0wpliAckfv2mDb&#038;_nc_zt=23&#038;_nc_ht=scontent-gru2-2.cdninstagram.com&#038;edm=ANo9K5cEAAAA&#038;_nc_gid=sghwatbS4BpV1nQYa3wv_g&#038;_nc_tpa=Q5bMBQFk3hiebwCAyKlg9IgtPElTMZxWM_iRPtOEVg4XCSeZQ3Pm-XfoF3SIeinDuEf78iDekFI8w08PXA&#038;oh=00_Af3XaJmMUzJA7zwWsMSzXLwdEISrzk8cUgG0W_ptRcRZPg&#038;oe=69DA1B15\" alt=\"\ud83c\udf3f\ud83d\udc99 Bem-vindo, abril! Iniciamos um novo m\u00eas refor\u00e7ando duas causas muito importantes: o Abril Verde e o Abril Azul. \ud83d\udc9a O Abril Verde nos convida a refletir sobre a import\u00e2ncia da seguran\u00e7a e da sa\u00fade no ambiente de trabalho, promovendo a preven\u00e7\u00e3o de acidentes e o cuidado com a vida. \ud83d\udc99 J\u00e1 o Abril Azul&hellip;\" src=\"data:image\/svg+xml;base64,PHN2ZyB3aWR0aD0iMSIgaGVpZ2h0PSIxIiB4bWxucz0iaHR0cDovL3d3dy53My5vcmcvMjAwMC9zdmciPjwvc3ZnPg==\" \/>\n\t\t\t\t\t\t\t\t\t\t\t<\/a>\n\t\t\t\t<\/div>\n\t\t\t<\/div>\n\t\t\t\t\t<div class=\"stratum-instagram__item masonry-item\">\n\t\t\t\t<div class=\"stratum-instagram__media-wrapper\">\n\t\t\t\t\t<a class=\"stratum-instagram__media-link\" target=\"_blank\" href=\"https:\/\/www.instagram.com\/p\/DWbWlv2DPyc\/\">\n\t\t\t\t\t\t\t\t\t\t\t\t\t<img decoding=\"async\" class=\"stratum-instagram__media lazyload\" data-src=\"https:\/\/scontent-gru2-2.cdninstagram.com\/v\/t39.30808-6\/656906600_1031664453366584_3823340558012431360_n.jpg?stp=dst-jpg_e35_tt6&#038;_nc_cat=104&#038;ccb=7-5&#038;_nc_sid=18de74&#038;efg=eyJlZmdfdGFnIjoiRkVFRC5iZXN0X2ltYWdlX3VybGdlbi5DMyJ9&#038;_nc_ohc=BmNNYiii96oQ7kNvwGq2Nuc&#038;_nc_oc=Adru-dHe2z2oRkjIt-TWcLG6Oypn3npod54pA3Zb9-9-Y_wntvgK4mUjydjywBpheMGtcK_e5xMGIzM2GkMsuR59&#038;_nc_zt=23&#038;_nc_ht=scontent-gru2-2.cdninstagram.com&#038;edm=ANo9K5cEAAAA&#038;_nc_gid=sghwatbS4BpV1nQYa3wv_g&#038;_nc_tpa=Q5bMBQGG8X9xLt_fSMkezjdmgDCxHRKTNkINDrTI_0gX-DpB4C_PSqndc5cZFyDUCtAxGhR6VqLwvOtYng&#038;oh=00_Af3Vry70HWhOSUN2vzNjA3IvNvKRFyTMGEXvCEsUQnlXjA&#038;oe=69DA3FD7\" alt=\"\ud83c\udf89 O INEAS celebra com orgulho os 63 anos de emancipa\u00e7\u00e3o pol\u00edtica de Alto do Rodrigues! Uma trajet\u00f3ria marcada por desenvolvimento, conquistas e pela for\u00e7a de um povo que constr\u00f3i diariamente uma cidade melhor para todos. Seguimos valorizando a hist\u00f3ria, apoiando o presente e acreditando em um futuro ainda mais promissor. Parab\u00e9ns, Alto do Rodrigues,&hellip;\" src=\"data:image\/svg+xml;base64,PHN2ZyB3aWR0aD0iMSIgaGVpZ2h0PSIxIiB4bWxucz0iaHR0cDovL3d3dy53My5vcmcvMjAwMC9zdmciPjwvc3ZnPg==\" \/>\n\t\t\t\t\t\t\t\t\t\t\t<\/a>\n\t\t\t\t<\/div>\n\t\t\t<\/div>\n\t\t\t\t\t<div class=\"stratum-instagram__item masonry-item\">\n\t\t\t\t<div class=\"stratum-instagram__media-wrapper\">\n\t\t\t\t\t<a class=\"stratum-instagram__media-link\" target=\"_blank\" href=\"https:\/\/www.instagram.com\/p\/DWW2D4ngTSF\/\">\n\t\t\t\t\t\t\t\t\t\t\t\t\t<img decoding=\"async\" class=\"stratum-instagram__media lazyload\" data-src=\"https:\/\/scontent-gru2-2.cdninstagram.com\/v\/t39.30808-6\/656782966_1031506596715703_2163485462311197815_n.jpg?stp=dst-jpg_e35_tt6&#038;_nc_cat=102&#038;ccb=7-5&#038;_nc_sid=18de74&#038;efg=eyJlZmdfdGFnIjoiRkVFRC5iZXN0X2ltYWdlX3VybGdlbi5DMyJ9&#038;_nc_ohc=Jy8Ke8SO1VAQ7kNvwEXUE_B&#038;_nc_oc=Adp5g6VMy3_dzAlU9xtDSqRs8YNA70YmyHp-E_VpxatpZupVAzbkbHrdt1tNPDSVziiAm6PEykf_3Yl9PCDZFIDN&#038;_nc_zt=23&#038;_nc_ht=scontent-gru2-2.cdninstagram.com&#038;edm=ANo9K5cEAAAA&#038;_nc_gid=sghwatbS4BpV1nQYa3wv_g&#038;_nc_tpa=Q5bMBQFUB24_mL0ZH4wPEriHXav-SgG_BQNBcodHNsSBy0O8Pvm9MyNy7TXbc-MUWfEmAxdijABN7fWQwg&#038;oh=00_Af2Pkyj2knlFMwXQ4tWZLk9u6hSxFJW7jCaUAa0orByYUQ&#038;oe=69DA1BE3\" alt=\"\ud83c\udf89 Parab\u00e9ns, Ja\u00e7an\u00e3\/RN! \ud83c\udf89 Hoje celebramos os 63 anos de emancipa\u00e7\u00e3o pol\u00edtica de Ja\u00e7an\u00e3, uma cidade marcada pela sua hist\u00f3ria, cultura e pelo povo acolhedor que constr\u00f3i diariamente um futuro melhor. O INEAS se orgulha de fazer parte dessa trajet\u00f3ria, contribuindo para o fortalecimento da gest\u00e3o e da educa\u00e7\u00e3o p\u00fablica no munic\u00edpio. Que venham ainda&hellip;\" src=\"data:image\/svg+xml;base64,PHN2ZyB3aWR0aD0iMSIgaGVpZ2h0PSIxIiB4bWxucz0iaHR0cDovL3d3dy53My5vcmcvMjAwMC9zdmciPjwvc3ZnPg==\" \/>\n\t\t\t\t\t\t\t\t\t\t\t<\/a>\n\t\t\t\t<\/div>\n\t\t\t<\/div>\n\t\t\t\t\t<div class=\"stratum-instagram__item masonry-item\">\n\t\t\t\t<div class=\"stratum-instagram__media-wrapper\">\n\t\t\t\t\t<a class=\"stratum-instagram__media-link\" target=\"_blank\" href=\"https:\/\/www.instagram.com\/p\/DWWoPrSlTPB\/\">\n\t\t\t\t\t\t\t\t\t\t\t\t\t<img decoding=\"async\" class=\"stratum-instagram__media lazyload\" data-src=\"https:\/\/scontent-gru1-2.cdninstagram.com\/v\/t51.82787-15\/656825617_17890958874444858_7731719736010794627_n.jpg?stp=dst-jpg_e35_tt6&#038;_nc_cat=110&#038;ccb=7-5&#038;_nc_sid=18de74&#038;efg=eyJlZmdfdGFnIjoiQ0FST1VTRUxfSVRFTS5iZXN0X2ltYWdlX3VybGdlbi5DMyJ9&#038;_nc_ohc=DzBQmPyomUkQ7kNvwGm75lM&#038;_nc_oc=Ado9zGxt6DzLATkY4nj5-1AuvjGiXHOIdEyjY1L88aLwo4RZf6aD5a_joN11E_Ldt2EOPzhz9inD6SV_tfSfB5Gn&#038;_nc_zt=23&#038;_nc_ht=scontent-gru1-2.cdninstagram.com&#038;edm=ANo9K5cEAAAA&#038;_nc_gid=sghwatbS4BpV1nQYa3wv_g&#038;_nc_tpa=Q5bMBQHIXRiLP4RwKF2opqZgd54HDFReRXjz1VsccE77G9Lt403WpCjk81BjZreAx2sqj0rUHvSWbRPsEw&#038;oh=00_Af2HlBCpiS-Z9tKGalPZcNMDWLzyS-2GS0yOfQeoGiCzjg&#038;oe=69DA3A1A\" alt=\"\ud83d\udccd Cel. Jo\u00e3o Pessoa\/RN A equipe t\u00e9cnica do INEAS esteve presente no munic\u00edpio realizando auditoria t\u00e9cnica nas unidades de sa\u00fade, com o objetivo de avaliar, orientar e fortalecer a qualidade dos servi\u00e7os ofertados \u00e0 popula\u00e7\u00e3o. Seguimos comprometidos com a transpar\u00eancia, a melhoria cont\u00ednua e o cuidado com a sa\u00fade p\u00fablica. \ud83e\udd1d\ud83d\udc99 #INEAS #Sa\u00fadeP\u00fablica #AuditoriaT\u00e9cnica #Gest\u00e3oEmSa\u00fade&hellip;\" src=\"data:image\/svg+xml;base64,PHN2ZyB3aWR0aD0iMSIgaGVpZ2h0PSIxIiB4bWxucz0iaHR0cDovL3d3dy53My5vcmcvMjAwMC9zdmciPjwvc3ZnPg==\" \/>\n\t\t\t\t\t\t\t\t\t\t\t<\/a>\n\t\t\t\t<\/div>\n\t\t\t<\/div>\n\t\t\t\t\t<div class=\"stratum-instagram__item masonry-item\">\n\t\t\t\t<div class=\"stratum-instagram__media-wrapper\">\n\t\t\t\t\t<a class=\"stratum-instagram__media-link\" target=\"_blank\" href=\"https:\/\/www.instagram.com\/p\/DWEeDmgk-Af\/\">\n\t\t\t\t\t\t\t\t\t\t\t\t\t<img decoding=\"async\" class=\"stratum-instagram__media lazyload\" data-src=\"https:\/\/scontent-gru1-2.cdninstagram.com\/v\/t51.82787-15\/655132191_17889760875444858_1820933987314372211_n.jpg?stp=dst-jpg_e35_tt6&#038;_nc_cat=100&#038;ccb=7-5&#038;_nc_sid=18de74&#038;efg=eyJlZmdfdGFnIjoiRkVFRC5iZXN0X2ltYWdlX3VybGdlbi5DMyJ9&#038;_nc_ohc=dewHwnebpoQQ7kNvwGvrd2T&#038;_nc_oc=AdoSvKAHVGz9kUfh5Pl4Ws0OqEVlxCUOjqSuue2P7k3l4iYWg70AzK1ueCueU-v1nWjHBQ4K1CxTJpWINrDla3-n&#038;_nc_zt=23&#038;_nc_ht=scontent-gru1-2.cdninstagram.com&#038;edm=ANo9K5cEAAAA&#038;_nc_gid=sghwatbS4BpV1nQYa3wv_g&#038;_nc_tpa=Q5bMBQFdb4QN81fBywVGN2XTwsf_-bFwWHiKO96hm7Gt0rno6ElxE9q1Y44mYGu_k8bQoGVWLEPIaDXryg&#038;oh=00_Af2sGFA4tqqAmVx11qg6HRzsoS06LtYVk4NrZJoYle-u_w&#038;oe=69DA35AB\" alt=\"Hoje, no INEAS, realizamos uma reuni\u00e3o com a equipe de coordena\u00e7\u00e3o do Cadastro \u00danico da Secretaria de Assist\u00eancia Social de Natal. Na ocasi\u00e3o, foram discutidas e planejadas a\u00e7\u00f5es voltadas aos prestadores de servi\u00e7o do INEAS que atuam no Cadastro \u00danico. Estiveram presentes o presidente do INEAS, James Henrique, diretores de departamentos do instituto, bem como&hellip;\" src=\"data:image\/svg+xml;base64,PHN2ZyB3aWR0aD0iMSIgaGVpZ2h0PSIxIiB4bWxucz0iaHR0cDovL3d3dy53My5vcmcvMjAwMC9zdmciPjwvc3ZnPg==\" \/>\n\t\t\t\t\t\t\t\t\t\t\t<\/a>\n\t\t\t\t<\/div>\n\t\t\t<\/div>\n\t\t\t<\/div>\n<\/div>\n\t\t\t\t<\/div>\n\t\t\t\t<\/div>\n\t\t\t\t<div class=\"elementor-element elementor-element-1596dd7 elementor-button-info elementor-align-center elementor-widget elementor-widget-button\" data-id=\"1596dd7\" data-element_type=\"widget\" data-e-type=\"widget\" data-widget_type=\"button.default\">\n\t\t\t\t<div class=\"elementor-widget-container\">\n\t\t\t\t\t\t\t\t\t<div class=\"elementor-button-wrapper\">\n\t\t\t\t\t<a class=\"elementor-button elementor-button-link elementor-size-sm\" href=\"https:\/\/www.instagram.com\/institutoineas\/\" target=\"_blank\">\n\t\t\t\t\t\t<span class=\"elementor-button-content-wrapper\">\n\t\t\t\t\t\t<span class=\"elementor-button-icon\">\n\t\t\t\t<svg aria-hidden=\"true\" class=\"e-font-icon-svg e-fab-instagram\" viewBox=\"0 0 448 512\" xmlns=\"http:\/\/www.w3.org\/2000\/svg\"><path d=\"M224.1 141c-63.6 0-114.9 51.3-114.9 114.9s51.3 114.9 114.9 114.9S339 319.5 339 255.9 287.7 141 224.1 141zm0 189.6c-41.1 0-74.7-33.5-74.7-74.7s33.5-74.7 74.7-74.7 74.7 33.5 74.7 74.7-33.6 74.7-74.7 74.7zm146.4-194.3c0 14.9-12 26.8-26.8 26.8-14.9 0-26.8-12-26.8-26.8s12-26.8 26.8-26.8 26.8 12 26.8 26.8zm76.1 27.2c-1.7-35.9-9.9-67.7-36.2-93.9-26.2-26.2-58-34.4-93.9-36.2-37-2.1-147.9-2.1-184.9 0-35.8 1.7-67.6 9.9-93.9 36.1s-34.4 58-36.2 93.9c-2.1 37-2.1 147.9 0 184.9 1.7 35.9 9.9 67.7 36.2 93.9s58 34.4 93.9 36.2c37 2.1 147.9 2.1 184.9 0 35.9-1.7 67.7-9.9 93.9-36.2 26.2-26.2 34.4-58 36.2-93.9 2.1-37 2.1-147.8 0-184.8zM398.8 388c-7.8 19.6-22.9 34.7-42.6 42.6-29.5 11.7-99.5 9-132.1 9s-102.7 2.6-132.1-9c-19.6-7.8-34.7-22.9-42.6-42.6-11.7-29.5-9-99.5-9-132.1s-2.6-102.7 9-132.1c7.8-19.6 22.9-34.7 42.6-42.6 29.5-11.7 99.5-9 132.1-9s102.7-2.6 132.1 9c19.6 7.8 34.7 22.9 42.6 42.6 11.7 29.5 9 99.5 9 132.1s2.7 102.7-9 132.1z\"><\/path><\/svg>\t\t\t<\/span>\n\t\t\t\t\t\t\t\t\t<span class=\"elementor-button-text\">Siga nosso Instagram<\/span>\n\t\t\t\t\t<\/span>\n\t\t\t\t\t<\/a>\n\t\t\t\t<\/div>\n\t\t\t\t\t\t\t\t<\/div>\n\t\t\t\t<\/div>\n\t\t\t\t\t<\/div>\n\t\t<\/div>\n\t\t\t\t\t<\/div>\n\t\t<\/section>\n\t\t\t\t<section class=\"elementor-section elementor-top-section elementor-element elementor-element-21a262d elementor-section-boxed elementor-section-height-default elementor-section-height-default wpr-particle-no wpr-jarallax-no wpr-parallax-no wpr-sticky-section-no\" data-id=\"21a262d\" data-element_type=\"section\" data-e-type=\"section\">\n\t\t\t\t\t\t<div class=\"elementor-container elementor-column-gap-default\">\n\t\t\t\t\t<div class=\"elementor-column elementor-col-100 elementor-top-column elementor-element elementor-element-69ec797\" data-id=\"69ec797\" data-element_type=\"column\" data-e-type=\"column\">\n\t\t\t<div class=\"elementor-widget-wrap elementor-element-populated\">\n\t\t\t\t\t\t<div class=\"elementor-element elementor-element-5a7590c elementor-widget elementor-widget-heading\" data-id=\"5a7590c\" data-element_type=\"widget\" data-e-type=\"widget\" data-widget_type=\"heading.default\">\n\t\t\t\t<div class=\"elementor-widget-container\">\n\t\t\t\t\t<h4 class=\"elementor-heading-title elementor-size-default\">Not\u00edcias do INEAS<\/h4>\t\t\t\t<\/div>\n\t\t\t\t<\/div>\n\t\t\t\t<div class=\"elementor-element elementor-element-f190b0e elementor-widget elementor-widget-heading\" data-id=\"f190b0e\" data-element_type=\"widget\" data-e-type=\"widget\" data-widget_type=\"heading.default\">\n\t\t\t\t<div class=\"elementor-widget-container\">\n\t\t\t\t\t<h6 class=\"elementor-heading-title elementor-size-default\">Fique por dentro das nossas atividades<\/h6>\t\t\t\t<\/div>\n\t\t\t\t<\/div>\n\t\t\t\t<div class=\"elementor-element elementor-element-aa52442 elementor-widget elementor-widget-hfe-basic-posts\" data-id=\"aa52442\" data-element_type=\"widget\" data-e-type=\"widget\" data-widget_type=\"hfe-basic-posts.default\">\n\t\t\t\t<div class=\"elementor-widget-container\">\n\t\t\t\t\t\n<div class=\"hfe-posts-grid\">\n\t\t\t<article class=\"hfe-post-card\">\n\t\t\t\t\t\t\t<div class=\"hfe-post-image\">\n\t\t\t\t\t<a href=\"https:\/\/ineas.org.br\/?p=207\" rel=\"bookmark\">\n\t\t\t\t\t\t<img decoding=\"async\" width=\"1899\" height=\"697\" data-src=\"https:\/\/ineas.org.br\/wp-content\/uploads\/2026\/01\/ineasprint.png\" class=\"attachment-full size-full wp-post-image lazyload\" alt=\"Novo site do INEAS\" data-srcset=\"https:\/\/ineas.org.br\/wp-content\/uploads\/2026\/01\/ineasprint.png 1899w, https:\/\/ineas.org.br\/wp-content\/uploads\/2026\/01\/ineasprint-300x110.png 300w, https:\/\/ineas.org.br\/wp-content\/uploads\/2026\/01\/ineasprint-1024x376.png 1024w, https:\/\/ineas.org.br\/wp-content\/uploads\/2026\/01\/ineasprint-768x282.png 768w, https:\/\/ineas.org.br\/wp-content\/uploads\/2026\/01\/ineasprint-1536x564.png 1536w\" data-sizes=\"auto, (max-width: 1899px) 100vw, 1899px\" src=\"data:image\/svg+xml;base64,PHN2ZyB3aWR0aD0iMSIgaGVpZ2h0PSIxIiB4bWxucz0iaHR0cDovL3d3dy53My5vcmcvMjAwMC9zdmciPjwvc3ZnPg==\" style=\"--smush-placeholder-width: 1899px; --smush-placeholder-aspect-ratio: 1899\/697;\" \/>\t\t\t\t\t<\/a>\n\t\t\t\t<\/div>\n\t\t\t\n\t\t\t<div class=\"hfe-post-content\">\n\t\t\t\t\t\t\t\t\t<h3 class=\"hfe-post-title\">\n\t\t\t\t\t\t<a href=\"https:\/\/ineas.org.br\/?p=207\" rel=\"bookmark\">\n\t\t\t\t\t\t\tNovo site do INEAS\t\t\t\t\t\t<\/a>\n\t\t\t\t\t<\/h3>\n\t\t\t\t\n\t\t\t\t\t\t\t\t\t<div class=\"hfe-post-meta\">\n\t\t\t\t\t\t<span class=\"hfe-post-date\">13 de janeiro de 2026<\/span><span class=\"hfe-meta-separator\"> | <\/span><span class=\"hfe-post-author\">by diretoria.ineas<\/span>\t\t\t\t\t<\/div>\n\t\t\t\t\n\t\t\t\t\t\t\t\t\t<div class=\"hfe-post-excerpt\">\n\t\t\t\t\t\tCriado em 2024, o site do Instituto Norte Riograndense de Educa\u00e7\u00e3o, Sa\u00fade e Assist\u00eancia Social passou por uma profunda atualiza\u00e7\u00e3o,...\t\t\t\t\t<\/div>\n\t\t\t\t\n\t\t\t\t\t\t\t\t\t<a href=\"https:\/\/ineas.org.br\/?p=207\" class=\"hfe-read-more\" rel=\"bookmark\">\n\t\t\t\t\t\tLeia mais \u2192\t\t\t\t\t<\/a>\n\t\t\t\t\t\t\t<\/div>\n\t\t<\/article>\n\t\t<\/div>\n\t\t\t\t<\/div>\n\t\t\t\t<\/div>\n\t\t\t\t\t<\/div>\n\t\t<\/div>\n\t\t\t\t\t<\/div>\n\t\t<\/section>\n\t\t\t\t<\/div>\n\t\t","protected":false},"excerpt":{"rendered":"<p>Confira as nossas \u00faltimas postagens Curta direto em nosso Instagram Siga nosso Instagram Not\u00edcias do INEAS Fique por dentro das nossas atividades Novo site do INEAS 13 de janeiro de 2026 | by diretoria.ineas Criado em 2024, o site do Instituto Norte Riograndense de Educa\u00e7\u00e3o, Sa\u00fade e Assist\u00eancia Social passou por uma profunda atualiza\u00e7\u00e3o,&#8230; Leia mais \u2192<\/p>\n","protected":false},"author":1,"featured_media":0,"parent":0,"menu_order":0,"comment_status":"closed","ping_status":"closed","template":"elementor_header_footer","meta":{"footnotes":""},"class_list":["post-31","page","type-page","status-publish","hentry"],"_links":{"self":[{"href":"https:\/\/ineas.org.br\/index.php?rest_route=\/wp\/v2\/pages\/31","targetHints":{"allow":["GET"]}}],"collection":[{"href":"https:\/\/ineas.org.br\/index.php?rest_route=\/wp\/v2\/pages"}],"about":[{"href":"https:\/\/ineas.org.br\/index.php?rest_route=\/wp\/v2\/types\/page"}],"author":[{"embeddable":true,"href":"https:\/\/ineas.org.br\/index.php?rest_route=\/wp\/v2\/users\/1"}],"replies":[{"embeddable":true,"href":"https:\/\/ineas.org.br\/index.php?rest_route=%2Fwp%2Fv2%2Fcomments&post=31"}],"version-history":[{"count":112,"href":"https:\/\/ineas.org.br\/index.php?rest_route=\/wp\/v2\/pages\/31\/revisions"}],"predecessor-version":[{"id":470,"href":"https:\/\/ineas.org.br\/index.php?rest_route=\/wp\/v2\/pages\/31\/revisions\/470"}],"wp:attachment":[{"href":"https:\/\/ineas.org.br\/index.php?rest_route=%2Fwp%2Fv2%2Fmedia&parent=31"}],"curies":[{"name":"wp","href":"https:\/\/api.w.org\/{rel}","templated":true}]}}